{"id":3027,"date":"2022-01-25T16:32:26","date_gmt":"2022-01-25T16:32:26","guid":{"rendered":"http:\/\/www.pinturaselbex.com\/sitionuevo\/?post_type=product&#038;p=3027"},"modified":"2025-09-30T15:56:00","modified_gmt":"2025-09-30T15:56:00","slug":"cielos-antihongo","status":"publish","type":"product","link":"https:\/\/www.pinturaselbex.com\/sitionuevo\/producto\/cielos-antihongo\/","title":{"rendered":"Cielos Antihongo"},"content":{"rendered":"","protected":false},"excerpt":{"rendered":"<p>CIELOS ELBEX es una pintura acr\u00edlica para decoraci\u00f3n de cielos rasos de excelente poder cubritivo y blancura.<br \/>\nDebido a su formulaci\u00f3n cuidadosamente estudiada la pel\u00edcula final presenta una alta porosidad que evita la condensaci\u00f3n y permite la \u00abrespiraci\u00f3n\u00bb del cielo raso. Se aplica de forma sencilla y con m\u00ednimo salpicado. Su pel\u00edcula forma una excelente barrera contra el desarrollo de hongos y moho.<\/p>\n<p>&nbsp;<\/p>\n<p class=\"tiLabel\" style=\"text-align: left;\"><strong>PRESENTACIONES:<\/strong><\/p>\n<p>1, 4, 10, 20 litros<\/p>\n<p class=\"tiLabel\" style=\"text-align: left;\"><strong>HERRAMIENTAS:<\/strong><\/p>\n<p>Brocha, rodillo, soplete<\/p>\n<p class=\"tiLabel\" style=\"text-align: left;\"><strong>RENDIMIENTO:<\/strong><\/p>\n<p class=\"tiInput\" style=\"text-align: left;\">8 a 12 mt2 por litro, por mano<\/p>\n<p class=\"tiLabel\" style=\"text-align: left;\"><strong>SECADO:<\/strong><\/p>\n<p class=\"tiInput\" style=\"text-align: left;\">30 minutos<\/p>\n<p class=\"tiLabel\" style=\"text-align: left;\"><strong>COLORES:<\/strong><\/p>\n<p class=\"tiInput\" style=\"text-align: left;\">Mate<\/p>\n<p class=\"tiLabel\" style=\"text-align: left;\"><strong>SISTEMA DE COLOR:<\/strong><\/p>\n<p class=\"tiInput\" style=\"text-align: left;\">No<\/p>\n<table>\n<tbody>\n<tr>\n<th><a href=\"https:\/\/www.pinturaselbex.com\/sitionuevo\/wp-content\/uploads\/2022\/02\/ELBEX-Ficha-tecnica-Linea-Elbex-Cielos-Final.pdf\" target=\"_blank\" rel=\"noopener\"><img loading=\"lazy\" decoding=\"async\" class=\"alignnone size-full wp-image-3117\" src=\"https:\/\/www.pinturaselbex.com\/sitionuevo\/wp-content\/uploads\/2022\/01\/Icono-PDF.png\" alt=\"\" width=\"50\" height=\"50\" \/><\/a><\/th>\n<th><a href=\"https:\/\/www.pinturaselbex.com\/sitionuevo\/wp-content\/uploads\/2022\/02\/ELBEX-Ficha-tecnica-Linea-Elbex-Cielos-Final.pdf\" target=\"_blank\" rel=\"noopener\">Ficha t\u00e9cnica<\/a><\/th>\n<\/tr>\n<\/tbody>\n<\/table>\n<table>\n<tbody>\n<tr>\n<th><a href=\"https:\/\/www.pinturaselbex.com\/sitionuevo\/wp-content\/uploads\/2022\/02\/ELBEX-Ficha-tecnica-Protelbex-Frentes-Final.pdf\" target=\"_blank\" rel=\"noopener\"><img loading=\"lazy\" decoding=\"async\" class=\"alignnone size-full wp-image-3117\" src=\"https:\/\/www.pinturaselbex.com\/sitionuevo\/wp-content\/uploads\/2022\/01\/Icono-PDF.png\" alt=\"\" width=\"50\" height=\"50\" \/><\/a><\/th>\n<th><a href=\"https:\/\/www.pinturaselbex.com\/sitionuevo\/wp-content\/uploads\/2024\/09\/sds-cielos-elbex.pdf\">Hoja de seguridad<\/a><\/th>\n<\/tr>\n<\/tbody>\n<\/table>\n","protected":false},"featured_media":3931,"template":"","meta":{"_monsterinsights_skip_tracking":false,"_monsterinsights_sitenote_active":false,"_monsterinsights_sitenote_note":"","_monsterinsights_sitenote_category":0},"product_brand":[],"product_cat":[40,83],"product_tag":[81],"class_list":{"0":"post-3027","1":"product","2":"type-product","3":"status-publish","4":"has-post-thumbnail","6":"product_cat-arquitectonica","7":"product_cat-latex","8":"product_tag-latex","10":"first","11":"instock","12":"shipping-taxable","13":"product-type-simple"},"yoast_head":"<!-- This site is optimized with the Yoast SEO plugin v24.4 - https:\/\/yoast.com\/wordpress\/plugins\/seo\/ -->\n<title>Cielos Antihongo - ELBEX Pinturas<\/title>\n<meta name=\"description\" content=\"CIELOS ELBEX es una pintura acr\u00edlica para decoraci\u00f3n de cielos rasos de excelente poder cubritivo y blancura.Debido a su formulaci\u00f3n cuidadosamente estudiada la pel\u00edcula final presenta una alta porosidad que evita la condensaci\u00f3n y permite la &quot;respiraci\u00f3n&quot; del cielo raso. Se aplica de forma sencilla y con m\u00ednimo salpicado. Su pel\u00edcula forma una excelente barrera contra el desarrollo de hongos y moho.\" \/>\n<meta name=\"robots\" content=\"index, follow, max-snippet:-1, max-image-preview:large, max-video-preview:-1\" \/>\n<link rel=\"canonical\" href=\"https:\/\/www.pinturaselbex.com\/sitionuevo\/producto\/cielos-antihongo\/\" \/>\n<meta property=\"og:locale\" content=\"es_ES\" \/>\n<meta property=\"og:type\" content=\"article\" \/>\n<meta property=\"og:title\" content=\"Cielos Antihongo - ELBEX Pinturas\" \/>\n<meta property=\"og:description\" content=\"CIELOS ELBEX es una pintura acr\u00edlica para decoraci\u00f3n de cielos rasos de excelente poder cubritivo y blancura.Debido a su formulaci\u00f3n cuidadosamente estudiada la pel\u00edcula final presenta una alta porosidad que evita la condensaci\u00f3n y permite la &quot;respiraci\u00f3n&quot; del cielo raso. Se aplica de forma sencilla y con m\u00ednimo salpicado. Su pel\u00edcula forma una excelente barrera contra el desarrollo de hongos y moho.\" \/>\n<meta property=\"og:url\" content=\"https:\/\/www.pinturaselbex.com\/sitionuevo\/producto\/cielos-antihongo\/\" \/>\n<meta property=\"og:site_name\" content=\"ELBEX Pinturas\" \/>\n<meta property=\"article:modified_time\" content=\"2025-09-30T15:56:00+00:00\" \/>\n<meta property=\"og:image\" content=\"https:\/\/www.pinturaselbex.com\/sitionuevo\/wp-content\/uploads\/2022\/01\/CIELOS-directo-sobre-hongos.jpg\" \/>\n\t<meta property=\"og:image:width\" content=\"2103\" \/>\n\t<meta property=\"og:image:height\" content=\"2449\" \/>\n\t<meta property=\"og:image:type\" content=\"image\/jpeg\" \/>\n<meta name=\"twitter:card\" content=\"summary_large_image\" \/>\n<meta name=\"twitter:label1\" content=\"Tiempo de lectura\" \/>\n\t<meta name=\"twitter:data1\" content=\"1 minuto\" \/>\n<script type=\"application\/ld+json\" class=\"yoast-schema-graph\">{\"@context\":\"https:\/\/schema.org\",\"@graph\":[{\"@type\":\"WebPage\",\"@id\":\"https:\/\/www.pinturaselbex.com\/sitionuevo\/producto\/cielos-antihongo\/\",\"url\":\"https:\/\/www.pinturaselbex.com\/sitionuevo\/producto\/cielos-antihongo\/\",\"name\":\"Cielos Antihongo - ELBEX Pinturas\",\"isPartOf\":{\"@id\":\"https:\/\/www.pinturaselbex.com\/sitionuevo\/#website\"},\"primaryImageOfPage\":{\"@id\":\"https:\/\/www.pinturaselbex.com\/sitionuevo\/producto\/cielos-antihongo\/#primaryimage\"},\"image\":{\"@id\":\"https:\/\/www.pinturaselbex.com\/sitionuevo\/producto\/cielos-antihongo\/#primaryimage\"},\"thumbnailUrl\":\"https:\/\/www.pinturaselbex.com\/sitionuevo\/wp-content\/uploads\/2022\/01\/CIELOS-directo-sobre-hongos.jpg\",\"datePublished\":\"2022-01-25T16:32:26+00:00\",\"dateModified\":\"2025-09-30T15:56:00+00:00\",\"description\":\"CIELOS ELBEX es una pintura acr\u00edlica para decoraci\u00f3n de cielos rasos de excelente poder cubritivo y blancura.Debido a su formulaci\u00f3n cuidadosamente estudiada la pel\u00edcula final presenta una alta porosidad que evita la condensaci\u00f3n y permite la \\\"respiraci\u00f3n\\\" del cielo raso. Se aplica de forma sencilla y con m\u00ednimo salpicado. Su pel\u00edcula forma una excelente barrera contra el desarrollo de hongos y moho.\",\"breadcrumb\":{\"@id\":\"https:\/\/www.pinturaselbex.com\/sitionuevo\/producto\/cielos-antihongo\/#breadcrumb\"},\"inLanguage\":\"es\",\"potentialAction\":[{\"@type\":\"ReadAction\",\"target\":[\"https:\/\/www.pinturaselbex.com\/sitionuevo\/producto\/cielos-antihongo\/\"]}]},{\"@type\":\"ImageObject\",\"inLanguage\":\"es\",\"@id\":\"https:\/\/www.pinturaselbex.com\/sitionuevo\/producto\/cielos-antihongo\/#primaryimage\",\"url\":\"https:\/\/www.pinturaselbex.com\/sitionuevo\/wp-content\/uploads\/2022\/01\/CIELOS-directo-sobre-hongos.jpg\",\"contentUrl\":\"https:\/\/www.pinturaselbex.com\/sitionuevo\/wp-content\/uploads\/2022\/01\/CIELOS-directo-sobre-hongos.jpg\",\"width\":2103,\"height\":2449},{\"@type\":\"BreadcrumbList\",\"@id\":\"https:\/\/www.pinturaselbex.com\/sitionuevo\/producto\/cielos-antihongo\/#breadcrumb\",\"itemListElement\":[{\"@type\":\"ListItem\",\"position\":1,\"name\":\"Portada\",\"item\":\"https:\/\/www.pinturaselbex.com\/sitionuevo\/\"},{\"@type\":\"ListItem\",\"position\":2,\"name\":\"Tienda\",\"item\":\"https:\/\/www.pinturaselbex.com\/sitionuevo\/tienda\/\"},{\"@type\":\"ListItem\",\"position\":3,\"name\":\"Cielos Antihongo\"}]},{\"@type\":\"WebSite\",\"@id\":\"https:\/\/www.pinturaselbex.com\/sitionuevo\/#website\",\"url\":\"https:\/\/www.pinturaselbex.com\/sitionuevo\/\",\"name\":\"ELBEX Pinturas\",\"description\":\"Pinturas para interiores y exteriores\",\"potentialAction\":[{\"@type\":\"SearchAction\",\"target\":{\"@type\":\"EntryPoint\",\"urlTemplate\":\"https:\/\/www.pinturaselbex.com\/sitionuevo\/?s={search_term_string}\"},\"query-input\":{\"@type\":\"PropertyValueSpecification\",\"valueRequired\":true,\"valueName\":\"search_term_string\"}}],\"inLanguage\":\"es\"}]}<\/script>\n<!-- \/ Yoast SEO plugin. -->","yoast_head_json":{"title":"Cielos Antihongo - ELBEX Pinturas","description":"CIELOS ELBEX es una pintura acr\u00edlica para decoraci\u00f3n de cielos rasos de excelente poder cubritivo y blancura.Debido a su formulaci\u00f3n cuidadosamente estudiada la pel\u00edcula final presenta una alta porosidad que evita la condensaci\u00f3n y permite la \"respiraci\u00f3n\" del cielo raso. Se aplica de forma sencilla y con m\u00ednimo salpicado. Su pel\u00edcula forma una excelente barrera contra el desarrollo de hongos y moho.","robots":{"index":"index","follow":"follow","max-snippet":"max-snippet:-1","max-image-preview":"max-image-preview:large","max-video-preview":"max-video-preview:-1"},"canonical":"https:\/\/www.pinturaselbex.com\/sitionuevo\/producto\/cielos-antihongo\/","og_locale":"es_ES","og_type":"article","og_title":"Cielos Antihongo - ELBEX Pinturas","og_description":"CIELOS ELBEX es una pintura acr\u00edlica para decoraci\u00f3n de cielos rasos de excelente poder cubritivo y blancura.Debido a su formulaci\u00f3n cuidadosamente estudiada la pel\u00edcula final presenta una alta porosidad que evita la condensaci\u00f3n y permite la \"respiraci\u00f3n\" del cielo raso. Se aplica de forma sencilla y con m\u00ednimo salpicado. Su pel\u00edcula forma una excelente barrera contra el desarrollo de hongos y moho.","og_url":"https:\/\/www.pinturaselbex.com\/sitionuevo\/producto\/cielos-antihongo\/","og_site_name":"ELBEX Pinturas","article_modified_time":"2025-09-30T15:56:00+00:00","og_image":[{"width":2103,"height":2449,"url":"https:\/\/www.pinturaselbex.com\/sitionuevo\/wp-content\/uploads\/2022\/01\/CIELOS-directo-sobre-hongos.jpg","type":"image\/jpeg"}],"twitter_card":"summary_large_image","twitter_misc":{"Tiempo de lectura":"1 minuto"},"schema":{"@context":"https:\/\/schema.org","@graph":[{"@type":"WebPage","@id":"https:\/\/www.pinturaselbex.com\/sitionuevo\/producto\/cielos-antihongo\/","url":"https:\/\/www.pinturaselbex.com\/sitionuevo\/producto\/cielos-antihongo\/","name":"Cielos Antihongo - ELBEX Pinturas","isPartOf":{"@id":"https:\/\/www.pinturaselbex.com\/sitionuevo\/#website"},"primaryImageOfPage":{"@id":"https:\/\/www.pinturaselbex.com\/sitionuevo\/producto\/cielos-antihongo\/#primaryimage"},"image":{"@id":"https:\/\/www.pinturaselbex.com\/sitionuevo\/producto\/cielos-antihongo\/#primaryimage"},"thumbnailUrl":"https:\/\/www.pinturaselbex.com\/sitionuevo\/wp-content\/uploads\/2022\/01\/CIELOS-directo-sobre-hongos.jpg","datePublished":"2022-01-25T16:32:26+00:00","dateModified":"2025-09-30T15:56:00+00:00","description":"CIELOS ELBEX es una pintura acr\u00edlica para decoraci\u00f3n de cielos rasos de excelente poder cubritivo y blancura.Debido a su formulaci\u00f3n cuidadosamente estudiada la pel\u00edcula final presenta una alta porosidad que evita la condensaci\u00f3n y permite la \"respiraci\u00f3n\" del cielo raso. Se aplica de forma sencilla y con m\u00ednimo salpicado. Su pel\u00edcula forma una excelente barrera contra el desarrollo de hongos y moho.","breadcrumb":{"@id":"https:\/\/www.pinturaselbex.com\/sitionuevo\/producto\/cielos-antihongo\/#breadcrumb"},"inLanguage":"es","potentialAction":[{"@type":"ReadAction","target":["https:\/\/www.pinturaselbex.com\/sitionuevo\/producto\/cielos-antihongo\/"]}]},{"@type":"ImageObject","inLanguage":"es","@id":"https:\/\/www.pinturaselbex.com\/sitionuevo\/producto\/cielos-antihongo\/#primaryimage","url":"https:\/\/www.pinturaselbex.com\/sitionuevo\/wp-content\/uploads\/2022\/01\/CIELOS-directo-sobre-hongos.jpg","contentUrl":"https:\/\/www.pinturaselbex.com\/sitionuevo\/wp-content\/uploads\/2022\/01\/CIELOS-directo-sobre-hongos.jpg","width":2103,"height":2449},{"@type":"BreadcrumbList","@id":"https:\/\/www.pinturaselbex.com\/sitionuevo\/producto\/cielos-antihongo\/#breadcrumb","itemListElement":[{"@type":"ListItem","position":1,"name":"Portada","item":"https:\/\/www.pinturaselbex.com\/sitionuevo\/"},{"@type":"ListItem","position":2,"name":"Tienda","item":"https:\/\/www.pinturaselbex.com\/sitionuevo\/tienda\/"},{"@type":"ListItem","position":3,"name":"Cielos Antihongo"}]},{"@type":"WebSite","@id":"https:\/\/www.pinturaselbex.com\/sitionuevo\/#website","url":"https:\/\/www.pinturaselbex.com\/sitionuevo\/","name":"ELBEX Pinturas","description":"Pinturas para interiores y exteriores","potentialAction":[{"@type":"SearchAction","target":{"@type":"EntryPoint","urlTemplate":"https:\/\/www.pinturaselbex.com\/sitionuevo\/?s={search_term_string}"},"query-input":{"@type":"PropertyValueSpecification","valueRequired":true,"valueName":"search_term_string"}}],"inLanguage":"es"}]}},"_links":{"self":[{"href":"https:\/\/www.pinturaselbex.com\/sitionuevo\/wp-json\/wp\/v2\/product\/3027","targetHints":{"allow":["GET"]}}],"collection":[{"href":"https:\/\/www.pinturaselbex.com\/sitionuevo\/wp-json\/wp\/v2\/product"}],"about":[{"href":"https:\/\/www.pinturaselbex.com\/sitionuevo\/wp-json\/wp\/v2\/types\/product"}],"wp:featuredmedia":[{"embeddable":true,"href":"https:\/\/www.pinturaselbex.com\/sitionuevo\/wp-json\/wp\/v2\/media\/3931"}],"wp:attachment":[{"href":"https:\/\/www.pinturaselbex.com\/sitionuevo\/wp-json\/wp\/v2\/media?parent=3027"}],"wp:term":[{"taxonomy":"product_brand","embeddable":true,"href":"https:\/\/www.pinturaselbex.com\/sitionuevo\/wp-json\/wp\/v2\/product_brand?post=3027"},{"taxonomy":"product_cat","embeddable":true,"href":"https:\/\/www.pinturaselbex.com\/sitionuevo\/wp-json\/wp\/v2\/product_cat?post=3027"},{"taxonomy":"product_tag","embeddable":true,"href":"https:\/\/www.pinturaselbex.com\/sitionuevo\/wp-json\/wp\/v2\/product_tag?post=3027"}],"curies":[{"name":"wp","href":"https:\/\/api.w.org\/{rel}","templated":true}]}}